 divided by 7.
4
Suppose 37*h - 8331 + 1042 = 0. Calculate the remainder when h is divided by 22.
21
Let p = -2126 - -248. Calculate the remainder when p/(-42) - (-4)/14 is divided by 24.
21
Suppose 0 = 2*j, -n = 3*j + j - 39. Calculate the remainder when 108 is divided by n.
30
Let l = -24 + 26. Let z be l*1 - (10 + -14). Suppose -z*y + 170 = -y. What is the remainder when y is divided by 9?
7
Suppose 3*o - 3*w = 135, 14*o + 5*w - 159 = 11*o. Calculate the remainder when o is divided by 32.
16
Let i(s) = 5*s**2 + 17*s + 5. What is the remainder when 951 is divided by i(-4)?
16
Let u(d) = d + 322. What is the remainder when u(0) is divided by 54?
52
Suppose -v = -5*v + 8. Let m be v/(-5) + 310/25. Suppose m*p - 48 = 8*p. What is the remainder when 32 is divided by p?
8
Let c be -1 - (-75 - (-9)/3). Suppose -5*g = -c - 39. Let d(h) = 43*h - 1. What is the remainder when d(1) is divided by g?
20
Suppose 8*q - 1612 = -5*q. Suppose 0 = -4*x - 5*v + 143, -81 = 2*x - 5*x + 5*v. What is the remainder when q is divided by x?
28
Suppose 3*i + 55 = -2*g, 81 - 6 = -4*i - 3*g. Let z = 30 + i. What is the remainder when 43 is divided by z?
13
Let g = 856 - 820. Calculate the remainder when 537 is divided by g.
33
Let l(t) = 2 + 2 + 10*t + 0*t - 1. What is the remainder when l(17) is divided by 22?
19
Let l(a) = -23*a + 45. Let c be l(-5). Let j = c + -126. What is the remainder when 101 is divided by j?
33
Suppose 0 = f - 6*f + 880. Suppose -3*a = -0*k - k - 274, -f = -2*a + 2*k. Suppose -38*d - 48 = -40*d. What is the remainder when a is divided by d?
21
What is the remainder when 47/((-4)/(-12)*3) is divided by 7?
5
Suppose -5*g + 0*g = -190. Let h be 2/15 - (-2019)/45. Let p = -32 + h. Calculate the remainder when g is divided by p.
12
Suppose 2*s + 8 = 22. Suppose s = 2*g - 3. Suppose -8 = 4*r - g*h, -2*r + 0 = h - 10. Calculate the remainder when 9 is divided by r.
0
Let k be ((-1)/2)/(6/(-168)). Let v = k - 9. What is the remainder when v is divided by 2?
1
Suppose -65 - 127 = -4*k. Suppose -9*h + k = -11*h. Let w = h - -32. What is the remainder when 30 is divided by w?
6
Suppose 2*f + 620 = 5*j, 0*j + j - 142 = 4*f. Calculate the remainder when 368 is divided by j.
2
Let r = -4 - -25. Let o = -20 + r. What is the remainder when 98*o + -7 + 8 is divided by 25?
24
Let i(u) = 6*u + 11. Suppose r - 3*p + 2*p = 17, 16 = 2*r + 4*p. Calculate the remainder when r is divided by i(0).
3
What is the remainder when (2/(-7))/(-9 + (-26640)/(-2961)) is divided by 26?
16
Let o(u) = -3*u + 16*u**2 + 5*u + 5*u**2 + 1 - u. Suppose 5*b - 46 + 16 = 0. What is the remainder when o(-1) is divided by b?
3
Let c(q) = -q**3 + 9*q**2 - 6*q - 8. Suppose 0 = -6*u - 31 - 155. Let k = u + 59. Calculate the remainder when k is divided by c(8).
4
Let c(a) = a**3 - 14*a**2 + 14*a - 13. Let y be c(13). Suppose -4*t + 5*v = -100, y*v = 2*v - 8. Calculate the remainder when 117 is divided by t.
27
Suppose 0*w + 4*w = 108. Let u = -145 + 224. What is the remainder when u is divided by w?
25
Let r be (1 - 2)*(-6)/3. Suppose 4*f + r = 5*w, 4*f = -w - 7 - 7. What is the remainder when (1/w)/((-1)/86) is divided by 11?
10
Suppose 23 = -5*l - t, -3*l = -2*t + 5*t + 21. Let h = 490 + -484. Calculate the remainder when ((-8)/6)/(l/30) is divided by h.
4
Let b be (-2)/2 + 87 + -1. Let w = -112 + 166. Let a = b - w. What is the remainder when a is divided by 8?
7
Let f(i) = 4*i**2 - 12*i - 11. Calculate the remainder when 117 is divided by f(6).
56
Let y(v) = -v**3 + 19*v**2 + 22*v - 7. What is the remainder when 261 is divided by y(20)?
30
Suppose 3*s = 2*h + h + 1068, 0 = -2*s - 4*h + 742. What is the remainder when s is divided by 52?
49
Let i = -67 - -34. Let t = 86 - i. What is the remainder when t is divided by 15?
14
Let h(b) = -158*b - 19. What is the remainder when h(-3) is divided by 76?
75
Let r = -88 + 49. Let g = -21 - r. What is the remainder when g is divided by 122/18 + (-2)/(-9)?
4
Suppose -73*a + 3825 = 2*a. What is the remainder when 121 is divided by a?
19
Suppose 5*r + 4*d - 646 = 0, 103 = 2*r - 2*d - 141. What is the remainder when r is divided by 43?
40
Suppose -363 = -5*g + 17. What is the remainder when g is divided by 11?
10
Suppose -23*n = -40*n + 289. Calculate the remainder when n is divided by 5.
2
Suppose -39 = -3*x + 2*n, -8 = -x - 2*n - 3. Let p = -7 + x. Suppose 0*j - j = 2*i - 9, 2*j - i = 18. What is the remainder when j is divided by p?
1
Let v(s) = -73*s - 16. Let o be v(-5). Suppose -4*y + 211 + o = 0. What is the remainder when y is divided by 36?
32
Let y(z) = -z**3 - 6*z**2 + 6*z + 5. Suppose 0 = -p - 38 - 18. Let o = 90 + p. What is the remainder when o is divided by y(-7)?
10
Let t = -11 - -25. Let u = 15 - t. Calculate the remainder when 2 is divided by u.
0
Let n = -6 - -6. Let d be 1/(-4)*n + 4. Suppose -6*i = -d*i - 22. What is the remainder when 41 is divided by i?
8
Suppose 2*u + 52 = 6*u. Suppose -5*l + 8 = -732. Suppose -u*j + l = -9*j. Calculate the remainder when j is divided by 19.
18
Suppose 4*d = 4*x + 100, -2*d + 4*x = -25 - 23. Let j = 28 - 28. Suppose 2*y - d = -j*y. Calculate the remainder when 51 is divided by y.
12
Let l = 101 - 143. Suppose -6*c + 400 = -2*c. Let o = c + l. Calculate the remainder when o is divided by 15.
13
Let g(q) = -12*q**2. Let f be g(-1). Let d = f - 33. Calculate the remainder when 62 is divided by 2/(2 + d/24).
14
Let g(t) = -t + 66. What is the remainder when 235 is divided by g(7)?
58
Suppose -5*p = -2*g - 0*g + 188, 0 = -p - g - 39. Let o = -71 + 10. Let k = p - o. Calculate the remainder when 68 is divided by k.
22
Let n(q) = 7*q**3 - q**2 + q - 6. Let j(v) = -2*v - 4. What is the remainder when n(3) is divided by j(-8)?
9
Let j(g) = 2*g**3 - 9*g**2 + 5*g + 30. Calculate the remainder when j(7) is divided by 78.
76
Let b = -224 + 234. Suppose -2 = -x + 36. Calculate the remainder when x is divided by b.
8
Let w(q) = 2*q + 1. Let x(g) = 5*g - 18. Let r(m) = 5*w(m) - x(m). What is the remainder when r(5) is divided by (-1 + 9)*5/4?
8
Suppose 3*j = s - 49, -3*j + 2*s = -2*j + 8. What is the remainder when (0 + (-53)/2)*108/j is divided by 40?
39
Let u(a) = -a**2 - 11*a + 28. What is the remainder when u(-10) is divided by 8?
6
What is the remainder when 420/(-450)*(-14 - 1) is divided by 2?
0
Suppose -4*l = -6*l + 8, -4*h - 3*l = -112. What is the remainder when h is divided by 4?
1
Suppose 0 = 3*v + 6, -z - 5*v = z - 4. Suppose 176 + 195 = z*r. Calculate the remainder when r is divided by 14.
11
Let c = 280 + -237. What is the remainder when c is divided by 10?
3
Suppose 5*w = 5*i + w - 85, -w = 5. Calculate the remainder when 50 is divided by i.
11
Suppose 128 = -h + 2*h. Suppose y + 5*t + 74 = 102, -45 = -3*y - 2*t. What is the remainder when h is divided by y?
11
Let h(d) = 75*d - 635. Let u = 64 - 43. What is the remainder when h(9) is divided by u?
19
Let a = -328 - -385. What is the remainder when a is divided by 16?
9
Suppose 136 + 80 = 12*q. Calculate the remainder when q is divided by 5.
3
Suppose -r + 10 = -2*v - 6*r, -4*r - 6 = 2*v. Let f(w) = 3*w**3 + 3 - v - 2*w**2 + 4*w - w**3. Calculate the remainder when 39 is divided by f(2).
11
Let h(a) = 5*a + 8. Let y be h(-1). Suppose -y*s = s - 172. Calculate the remainder when s is divided by 12.
7
Let g(o) be the first derivative of -5*o**2 - 11*o + 8. What is the remainder when g(-5) is divided by 8?
7
Suppose 0 = -2*r - 2*k + 176, 0*r - k = -2*r + 170. What is the remainder when r is divided by (-18)/10*(-800)/80?
14
Let b be -20 - (4 + -5 + -1). Calculate the remainder when (-464)/b - 14/(-63) is divided by 4.
2
Suppose 9*w = -w + 1670. Calculate the remainder when w is divided by 5.
2
What is the remainder when 247 is divided by 16 + (-9 - -3) - -10?
7
Calculate the remainder when 756/70*(-5)/(-2) is divided by 5.
2
Suppose -90 - 130 = -10*g. What is the remainder when 36 is divided by g?
14
What is the remainder when 133 is divided by (-6 - (24/21 - 6))*-7?
5
Suppose -250*w + 244*w + 1266 = 0. What is the remainder when w is divided by 71?
69
What is the remainder when (54 + 4)*(-4)/(-8) is divided by 6?
5
Calculate the remainder when 491 is divided by (-12)/(2 - 14)*16.
11
Suppose 1213 - 229 = 4*f. Calculate the remainder when f is div